s 1968233 prime?
True
Is 207113 a composite number?
False
Is 897931 composite?
False
Is 4237 a prime number?
False
Is 103153 composite?
True
Is 15013 prime?
True
Is 3781 a composite number?
True
Is 15017 prime?
True
Is 289787 prime?
False
Is 20422 prime?
False
Is 19913 prime?
True
Is 2153 a composite number?
False
Is 101667 a prime number?
False
Is 51577 a prime number?
True
Is 1209679 a composite number?
True
Is 200191 a composite number?
False
Is 112699 prime?
False
Is 37279 a composite number?
True
Is 159097 a prime number?
True
Is 42041 prime?
False
Is 67103 a prime number?
True
Is 11069 a prime number?
True
Is 685 prime?
False
Is 21145 a composite number?
True
Is 57251 composite?
False
Is 99761 prime?
True
Is 32639 a composite number?
True
Is 19541 a composite number?
False
Is 15727 composite?
False
Is 5803 prime?
False
Is 18587 composite?
False
Is 1261 a composite number?
True
Is 67299 prime?
False
Is 1211 a composite number?
True
Is 29983 a composite number?
False
Is 3593 a composite number?
False
Is 2729 prime?
True
Is 253 a composite number?
True
Is 30377 a composite number?
True
Is 696769 prime?
False
Is 354479 prime?
True
Is 30991 composite?
True
Is 137179 composite?
True
Is 1302389 prime?
False
Is 508855 a prime number?
False
Is 108343 composite?
False
Is 48149 a prime number?
False
Is 6799 prime?
False
Is 14143 a prime number?
True
Is 1560433 a prime number?
False
Is 62071 composite?
False
Is 390731 composite?
True
Is 42719 a prime number?
True
Is 76441 composite?
False
Is 104267 a prime number?
False
Is 247807 prime?
False
Is 7499 a composite number?
False
Is 1317 a prime number?
False
Is 197339 a prime number?
True
Is 34211 composite?
False
Is 21433 prime?
True
Is 120391 a composite number?
False
Is 72241 composite?
True
Is 2896379 a prime number?
False
Is 382331 a prime number?
True
Is 2409061 prime?
True
Is 1163 a composite number?
False
Is 410131 composite?
True
Is 8209 composite?
False
Is 510698 prime?
False
Is 97771 a composite number?
False
Is 26947 prime?
True
Is 5857 prime?
True
Is 37459 a composite number?
True
Is 60267 composite?
True
Is 1153103 a composite number?
True
Is 171818 prime?
False
Is 668494 a prime number?
False
Is 35761 a composite number?
True
Is 109217 a composite number?
True
Is 90887 a composite number?
False
Is 8923 composite?
False
Is 299311 composite?
False
Is 5569 composite?
False
Is 55763 a composite number?
False
Is 5809 composite?
True
Is 6881 a prime number?
False
Is 70793 prime?
True
Is 3778 composite?
True
Is 309241 a prime number?
True
Is 675643 a prime number?
True
Is 23857 a composite number?
False
Is 27121 prime?
False
Is 345041 a composite number?
False
Is 272959 composite?
False
Is 20593 composite?
False
Is 2991 a composite number?
True
Is 14519 a prime number?
True
Is 45481 a prime number?
True
Is 122217 composite?
True
Is 15307 a prime number?
True
Is 256201 a prime number?
False
Is 17707 a prime number?
True
Is 298559 prime?
True
Is 110339 a prime number?
True
Is 276951 a prime number?
False
Is 38 a prime number?
False
Is 491 composite?
False
Is 1207841 a prime number?
True
Is 174691 a composite number?
True
Is 371 composite?
True
Is 2371 composite?
False
Is 436571 composite?
False
Is 40778 a prime number?
False
Is 991934 a prime number?
False
Is 26517 a composite number?
True
Is 485311 composite?
False
Is 6749 a composite number?
True
Is 38647 a composite number?
True
Is 127031 a prime number?
True
Is 45281 a composite number?
False
Is 25595 a prime number?
False
Is 147607 a composite number?
False
Is 4645 prime?
False
Is 291481 composite?
False
Is 2890835 composite?
True
Is 12431 prime?
False
Is 328007 a composite number?
False
Is 214945 prime?
False
Is 1313591 a composite number?
True
Is 67877 a prime number?
False
Is 128459 prime?
False
Is 453943 composite?
True
Is 807 a prime number?
False
Is 29071 prime?
False
Is 19702 a composite number?
True
Is 48271 composite?
False
Is 97799 prime?
False
Is 136621 a prime number?
True
Is 2005489 a prime number?
True
Is 17173 composite?
True
Is 125591 composite?
False
Is 563113 composite?
False
Is 5077 composite?
False
Is 2194319 prime?
True
Is 33673 composite?
True
Is 28639 composite?
True
Is 3821 prime?
True
Is 3104173 composite?
False
Is 200569 a prime number?
True
Is 1511 a composite number?
False
Is 38593 prime?
True
Is 30333 prime?
False
Is 1657 prime?
True
Is 658634 a prime number?
False
Is 744773 prime?
False
Is 19571 prime?
True
Is 99173 prime?
True
Is 215653 prime?
True
Is 60209 a prime number?
True
Is 1909 prime?
False
Is 1979 a prime number?
True
Is 2927 a prime number?
True
Is 78051 a prime number?
False
Is 1423187 a prime number?
True
Is 520279 a prime number?
True
Is 1538441 prime?
True
Is 347 a prime number?
True
Is 1673 a prime number?
False
Is 194809 prime?
True
Is 501529 a composite number?
True
Is 7142 a prime number?
False
Is 5909 a composite number?
True
Is 4193 prime?
False
Is 257981 composite?
False
Is 6761 a composite number?
False
Is 7543 prime?
False
Is 73247 a composite number?
True
Is 14397 prime?
False
Is 691 a composite number?
False
Is 138917 prime?
True
Is 363871 composite?
False
Is 80269 prime?
False
Is 189983 a prime number?
True
Is 5989 a composite number?
True
Is 14401 a prime number?
True
Is 1484173 a composite number?
True
Is 9677 a prime number?
True
Is 28915 composite?
True
Is 20287 a composite number?
False
Is 31343 a composite number?
True
Is 56557 prime?
False
Is 2669 a composite number?
True
Is 3007 a composite number?
True
Is 154139 prime?
False
Is 206341 composite?
False
Is 6720589 prime?
True
Is 13151 composite?
False
Is 3038839 composite?
False
Is 17609 a prime number?
True
Is 43063 a composite number?
False
Is 18173 a composite number?
True
Is 23957 a prime number?
True
Is 55163 composite?
False
Is 18079 a prime number?
False
Is 2376793 composite?
False
Is 60311 prime?
False
Is 6833 a prime number?
True
Is 83 prime?
True
Is 2642449 a prime number?
True
Is 353329 composite?
False
Is 114157 a prime number?
True
Is 404245 a composite number?
True
Is 3979661 composite?
True
Is 476299 a prime number?
True
Is 2569 composite?
True
Is 267373 prime?
True
Is 33979 composite?
True
Is 12323 a composite number?
False
Is 13553 a prime number?
True
Is 39779 prime?
True
Is 1835 a prime number?
False
Is 32363 composite?
False
Is 318131 prime?
False
Is 106393 a composite number?
True
Is 477761 a composite number?
True
Is 294589 a prime number?
False
Is 3037 a prime number?
True
Is 31357 composite?
False
Is 3103 composite?
True
Is 237673 prime?
True
Is 3865 prime?
False
Is 19051 a composite number?
False
Is 320003 prime?
False
Is 415603 prime?
True
Is 202183 prime?
True
Is 246649 prime?
False
Is 243889 prime?
True
Is 339613 prime?
True
Is 8791 a composite number?
True
Is 4889 a composite number?
False
Is 1842123 composite?
True
Is 66271 a prime number?
True
Is 1151 a composite number?
False
Is 17251 a composite number?
True
Is 46666 a composite number?
True
Is 3433 prime?
True
Is 1061189 a composite number?
False
Is 126095 composite?
True
Is 37231 a prime number?
False
Is 39499 a prime number?
True
Is 40289 a prime number?
True
Is 54857 a prime number?
False
Is 441403 a composite number?
False
Is 41129 composite?
True
Is 134437 a composite number?
False
Is 60811 composite?
False
Is 15661 composite?
False
Is 23549 prime?
True
Is 333731 prime?
False
Is 3448371 a prime number?
False
Is 34373 a composite number?
True
Is 427991 a prime number?
True
Is 168139 composite?
True
Is 434077 composite?
True
Is 535 a prime number?
False
Is 3587 composite?
True
Is 15143 composite?
True
Is 325597 prime?
True
Is 479327 a prime number?
True
Is 94961 composite?
False
Is 47977 a composite number?
False
Is 15959 composite?
False
Is 386833 a prime number?
False
Is 862153 prime?
False
Is 8663 prime?
True
Is 21221 prime?
True
Is 889139 a prime number?
True
Is 4143 composite?
True
Is 765851 composite?
False
Is 85991 a prime number?
True
Is 1361 a composite number?
False
Is 325289 a composite number?
True
Is 691037 a composite number?
False
Is 46387 prime?
False
Is 20609 a composite number?
True
Is 697285 a composite number?
True
Is 11027 composite?
False
Is 466643 prime?
False
Is 3691 a composite number?
False
Is 233117 a prime num